ed by 10.
2
Calculate the remainder when 615 is divided by 165.
120
What is the remainder when 100 is divided by 31?
7
Calculate the remainder when 408 is divided by 15.
3
Calculate the remainder when 7413 is divided by 1852.
5
What is the remainder when 106 is divided by 61?
45
What is the remainder when 1315 is divided by 28?
27
Calculate the remainder when 5931 is divided by 46.
43
What is the remainder when 410 is divided by 395?
15
Calculate the remainder when 2946 is divided by 67.
65
Calculate the remainder when 300 is divided by 19.
15
Calculate the remainder when 725 is divided by 685.
40
What is the remainder when 49 is divided by 13?
10
Calculate the remainder when 23 is divided by 17.
6
Calculate the remainder when 5860 is divided by 51.
46
Calculate the remainder when 2240 is divided by 83.
82
What is the remainder when 8512 is divided by 131?
128
Calculate the remainder when 362 is divided by 120.
2
What is the remainder when 259 is divided by 10?
9
What is the remainder when 33767 is divided by 110?
107
What is the remainder when 255 is divided by 13?
8
Calculate the remainder when 87 is divided by 85.
2
What is the remainder when 4630 is divided by 385?
10
What is the remainder when 899 is divided by 121?
52
Calculate the remainder when 844 is divided by 121.
118
What is the remainder when 1383 is divided by 114?
15
What is the remainder when 11476 is divided by 43?
38
What is the remainder when 3284 is divided by 219?
218
What is the remainder when 9 is divided by 6?
3
Calculate the remainder when 892 is divided by 890.
2
Calculate the remainder when 76 is divided by 31.
14
What is the remainder when 2925 is divided by 121?
21
Calculate the remainder when 52 is divided by 25.
2
What is the remainder when 53 is divided by 11?
9
What is the remainder when 446 is divided by 34?
4
What is the remainder when 257 is divided by 121?
15
What is the remainder when 3894 is divided by 156?
150
Calculate the remainder when 191 is divided by 85.
21
Calculate the remainder when 123 is divided by 21.
18
What is the remainder when 536 is divided by 90?
86
Calculate the remainder when 1212 is divided by 327.
231
Calculate the remainder when 1936 is divided by 97.
93
What is the remainder when 374 is divided by 19?
13
What is the remainder when 229 is divided by 23?
22
What is the remainder when 353 is divided by 189?
164
What is the remainder when 1014 is divided by 113?
110
Calculate the remainder when 243 is divided by 50.
43
Calculate the remainder when 1492 is divided by 249.
247
Calculate the remainder when 230 is divided by 61.
47
Calculate the remainder when 84 is divided by 40.
4
Calculate the remainder when 549 is divided by 69.
66
What is the remainder when 195 is divided by 50?
45
Calculate the remainder when 1326 is divided by 16.
14
Calculate the remainder when 208 is divided by 15.
13
Calculate the remainder when 866 is divided by 58.
54
What is the remainder when 1348 is divided by 193?
190
What is the remainder when 204 is divided by 41?
40
What is the remainder when 1133 is divided by 142?
139
Calculate the remainder when 94 is divided by 14.
10
Calculate the remainder when 166 is divided by 10.
6
What is the remainder when 203 is divided by 44?
27
What is the remainder when 1275 is divided by 312?
27
Calculate the remainder when 411 is divided by 133.
12
What is the remainder when 122 is divided by 23?
7
Calculate the remainder when 202 is divided by 17.
15
Calculate the remainder when 146 is divided by 49.
48
Calculate the remainder when 32 is divided by 6.
2
Calculate the remainder when 361 is divided by 123.
115
What is the remainder when 444 is divided by 32?
28
What is the remainder when 993 is divided by 164?
9
Calculate the remainder when 3018 is divided by 20.
18
Calculate the remainder when 2033 is divided by 17.
10
What is the remainder when 23 is divided by 9?
5
What is the remainder when 87 is divided by 36?
15
What is the remainder when 164 is divided by 122?
42
Calculate the remainder when 433 is divided by 41.
23
What is the remainder when 205 is divided by 88?
29
What is the remainder when 4309 is divided by 10?
9
What is the remainder when 231 is divided by 39?
36
What is the remainder when 371 is divided by 134?
103
Calculate the remainder when 254 is divided by 116.
22
What is the remainder when 400 is divided by 213?
187
What is the remainder when 231 is divided by 226?
5
Calculate the remainder when 297 is divided by 63.
45
Calculate the remainder when 792 is divided by 391.
10
What is the remainder when 1275 is divided by 11?
10
What is the remainder when 1424 is divided by 98?
52
Calculate the remainder when 910 is divided by 132.
118
What is the remainder when 934 is divided by 12?
10
Calculate the remainder when 64 is divided by 38.
26
What is the remainder when 1252 is divided by 98?
76
Calculate the remainder when 426 is divided by 154.
118
Calculate the remainder when 2703 is divided by 150.
3
What is the remainder when 19 is divided by 11?
8
Calculate the remainder when 1318 is divided by 137.
85
What is the remainder when 36803 is divided by 85?
83
What is the remainder when 2161 is divided by 94?
93
What is the remainder when 519 is divided by 22?
13
Calculate the remainder when 8929 is divided by 7.
4
Calculate the remainder when 2223 is divided by 82.
9
What is the remainder when 93 is divided by 40?
13
What is the remainder when 746 is divided by 164?
90
What is the remainder when 323 is divided by 55?
48
Calculate the remainder when 189 is divided by 8.
5
Calculate the remainder when 261 is divided by 38.
33
Calculate the remainder when 504 is divided by 169.
166
What is the remainder when 78 is divided by 49?
29
What is the remainder when 1411 is divided by 702?
7
What is the remainder when 2604 is divided by 16?
12
What is the remainder when 30 is divided by 21?
9
Calculate the remainder when 90 is divided by 3.
0
What is the remainder when 804 is divided by 144?
84
What is the remainder when 326 is divided by 39?
14
What is the remainder when 124 is divided by 8?
4
What is the remainder when 87 is divided by 10?
7
Calculate the remainder when 574 is divided by 164.
82
What is the remainder when 86 is divided by 48?
38
Calculate the remainder when 543 is divided by 42.
39
Calculate the remainder when 209 is divided by 10.
9
What is the remainder when 273 is divided by 12?
9
Calculate the remainder when 292 is divided by 59.
56
What is the remainder when 133 is divided by 61?
11
What is the remainder when 19993 is divided by 13?
12
Calculate the remainder when 1290 is divided by 81.
75
What is the remainder when 3043 is divided by 122?
115
What is the remainder when 659 is divided by 80?
19
Calculate the remainder when 359 is divided by 108.
35
What is the remainder when 68 is divided by 34?
0
Calculate the remainder when 104 is divided by 22.
16
Calculate the remainder when 444 is divided by 115.
99
Calculate the remainder when 214 is divided by 24.
22
Calculate the remainder when 6827 is divided by 49.
16
What is the remainder when 959 is divided by 107?
103
What is the remainder when 283 is divided by 48?
43
What is the remainder when 1676 is divided by 31?
2
What is the remainder when 1340 is divided by 192?
188
Calculate the remainder when 85 is divided by 30.
25
Calculate the remainder when 56 is divided by 23.
10
Calculate the remainder when 9176 is divided by 20.
16
Calculate the remainder when 98 is divided by 38.
22
What is the remainder when 1663 is divided by 28?
11
Calculate the remainder when 209 is divided by 15.
14
What is the remainder when 239 is divided by 233?
6
Calculate the remainder when 437 is divided by 126.
59
What is the remainder when 1472 is divided by 123?
119
Calculate the remainder when 125 is divided by 33.
26
What is the remainder when 703 is divided by 42?
31
Calculate the remainder when 12119 is divided by 101.
100
Calculate the remainder when 279 is divided by 73.
60
Calculate the remainder when 441 is divided by 41.
31
What is the remainder when 1171 is divided by 49?
44
Calculate the remainder when 53 is divided by 43.
10
Calculate the remainder when 592 is divided by 320.
272
What is the remainder when 134 is divided by 48?
38
What is the remaind